{"id":5445,"date":"2025-06-26T23:04:01","date_gmt":"2025-06-26T23:04:01","guid":{"rendered":"https:\/\/mystufshop.com\/?product=collection-privee-gazelle-million-50ml"},"modified":"2025-06-30T00:18:38","modified_gmt":"2025-06-30T00:18:38","slug":"collection-privee-gazelle-million-50ml","status":"publish","type":"product","link":"https:\/\/www.mystufshop.com\/?product=collection-privee-gazelle-million-50ml","title":{"rendered":"Collection priv\u00e9e gazelle &#8211; Million &#8211; 50ml"},"content":{"rendered":"<h2>Inspir\u00e9<span style=\"font-family: Inter;font-size: 12.8px;font-style: normal;font-weight: 400;letter-spacing: normal;text-align: justify;text-indent: 0px;text-transform: none;text-decoration: none;float: none\"> par Rabanne 1 Million<\/span><\/h2>\n<p><span style=\"font-family: Inter;font-size: 12.8px;font-style: normal;font-weight: 400;letter-spacing: normal;text-align: justify;text-indent: 0px;text-transform: none;text-decoration: none;float: none\">Note de t\u00eate : Lavande, Mandarine, Menthe, Pamplemousse<\/span>.<br \/>\n<span style=\"font-family: Inter;font-size: 12.8px;font-style: normal;font-weight: 400;letter-spacing: normal;text-align: justify;text-indent: 0px;text-transform: none;text-decoration: none;float: none\">Note de c\u0153ur : Cannelle, Pomme, Rose<\/span>.<br \/>\n<span style=\"font-family: Inter;font-size: 12.8px;font-style: normal;font-weight: 400;letter-spacing: normal;text-align: justify;text-indent: 0px;text-transform: none;text-decoration: none;float: none\">Note de fond : Bois ambr\u00e9s, Iso E Super, Patchouli, Vanille, V\u00e9tiver.<\/span><\/p>\n","protected":false},"excerpt":{"rendered":"<p>Inspir\u00e9 par Rabanne 1 Million Note de t\u00eate : Lavande, Mandarine, Menthe, Pamplemousse. Note de c\u0153ur : Cannelle, Pomme, Rose. Note de fond : Bois ambr\u00e9s, Iso E Super, Patchouli, Vanille, V\u00e9tiver.<\/p>\n","protected":false},"featured_media":5444,"comment_status":"open","ping_status":"closed","template":"","meta":{"_uag_custom_page_level_css":""},"product_brand":[],"product_cat":[56,41],"product_tag":[],"class_list":{"0":"post-5445","1":"product","2":"type-product","3":"status-publish","4":"has-post-thumbnail","6":"product_cat-collection-privee","7":"product_cat-parfums","9":"first","10":"instock","11":"taxable","12":"shipping-taxable","13":"purchasable","14":"product-type-simple"},"aioseo_notices":[],"uagb_featured_image_src":{"full":["https:\/\/www.mystufshop.com\/wp-content\/uploads\/2025\/06\/img_9493.jpeg",1290,1263,false],"thumbnail":["https:\/\/www.mystufshop.com\/wp-content\/uploads\/2025\/06\/img_9493-150x150.jpeg",150,150,true],"medium":["https:\/\/www.mystufshop.com\/wp-content\/uploads\/2025\/06\/img_9493-300x294.jpeg",300,294,true],"medium_large":["https:\/\/www.mystufshop.com\/wp-content\/uploads\/2025\/06\/img_9493-768x752.jpeg",768,752,true],"large":["https:\/\/www.mystufshop.com\/wp-content\/uploads\/2025\/06\/img_9493-1024x1003.jpeg",1020,999,true],"1536x1536":["https:\/\/www.mystufshop.com\/wp-content\/uploads\/2025\/06\/img_9493.jpeg",1290,1263,false],"2048x2048":["https:\/\/www.mystufshop.com\/wp-content\/uploads\/2025\/06\/img_9493.jpeg",1290,1263,false],"woocommerce_thumbnail":["https:\/\/www.mystufshop.com\/wp-content\/uploads\/2025\/06\/img_9493-247x296.jpeg",247,296,true],"woocommerce_single":["https:\/\/www.mystufshop.com\/wp-content\/uploads\/2025\/06\/img_9493-510x499.jpeg",510,499,true],"woocommerce_gallery_thumbnail":["https:\/\/www.mystufshop.com\/wp-content\/uploads\/2025\/06\/img_9493-100x100.jpeg",100,100,true]},"uagb_author_info":{"display_name":"aminehadadi37@gmail.com","author_link":"https:\/\/www.mystufshop.com\/?author=0"},"uagb_comment_info":0,"uagb_excerpt":"Inspir\u00e9 par Rabanne 1 Million Note de t\u00eate : Lavande, Mandarine, Menthe, Pamplemousse. Note de c\u0153ur : Cannelle, Pomme, Rose. Note de fond : Bois ambr\u00e9s, Iso E Super, Patchouli, Vanille, V\u00e9tiver.","jetpack_sharing_enabled":true,"_links":{"self":[{"href":"https:\/\/www.mystufshop.com\/index.php?rest_route=\/wp\/v2\/product\/5445","targetHints":{"allow":["GET"]}}],"collection":[{"href":"https:\/\/www.mystufshop.com\/index.php?rest_route=\/wp\/v2\/product"}],"about":[{"href":"https:\/\/www.mystufshop.com\/index.php?rest_route=\/wp\/v2\/types\/product"}],"replies":[{"embeddable":true,"href":"https:\/\/www.mystufshop.com\/index.php?rest_route=%2Fwp%2Fv2%2Fcomments&post=5445"}],"wp:featuredmedia":[{"embeddable":true,"href":"https:\/\/www.mystufshop.com\/index.php?rest_route=\/wp\/v2\/media\/5444"}],"wp:attachment":[{"href":"https:\/\/www.mystufshop.com\/index.php?rest_route=%2Fwp%2Fv2%2Fmedia&parent=5445"}],"wp:term":[{"taxonomy":"product_brand","embeddable":true,"href":"https:\/\/www.mystufshop.com\/index.php?rest_route=%2Fwp%2Fv2%2Fproduct_brand&post=5445"},{"taxonomy":"product_cat","embeddable":true,"href":"https:\/\/www.mystufshop.com\/index.php?rest_route=%2Fwp%2Fv2%2Fproduct_cat&post=5445"},{"taxonomy":"product_tag","embeddable":true,"href":"https:\/\/www.mystufshop.com\/index.php?rest_route=%2Fwp%2Fv2%2Fproduct_tag&post=5445"}],"curies":[{"name":"wp","href":"https:\/\/api.w.org\/{rel}","templated":true}]}}