{"id":5451,"date":"2025-06-26T23:08:52","date_gmt":"2025-06-26T23:08:52","guid":{"rendered":"https:\/\/mystufshop.com\/?product=collection-privee-gazelle-opium-50ml"},"modified":"2025-06-30T00:18:15","modified_gmt":"2025-06-30T00:18:15","slug":"collection-privee-gazelle-opium-50ml","status":"publish","type":"product","link":"https:\/\/www.mystufshop.com\/?product=collection-privee-gazelle-opium-50ml","title":{"rendered":"Collection priv\u00e9e gazelle &#8211; Opium &#8211; 50ml"},"content":{"rendered":"<p><strong style=\"background: none;border: 0px;margin: 0px;padding: 0px;vertical-align: baseline;font-family: avenir-lt-w01_35-light1475496, sans-serif;font-size: 16px;font-style: normal;letter-spacing: normal;text-align: left;text-indent: 0px;text-transform: none;text-decoration: none\">Notes de t\u00eate :<\/strong><span style=\"font-family: avenir-lt-w01_35-light1475496, sans-serif;font-size: 16px;font-style: normal;font-weight: 400;letter-spacing: normal;text-align: left;text-indent: 0px;text-transform: none;text-decoration: none;float: none\">&nbsp;Fruit\u00e9, Poire, Bois de c\u00e8dre.<\/span><br \/>\n<strong style=\"background: none;border: 0px;margin: 0px;padding: 0px;vertical-align: baseline;font-family: avenir-lt-w01_35-light1475496, sans-serif;font-size: 16px;font-style: normal;letter-spacing: normal;text-align: left;text-indent: 0px;text-transform: none;text-decoration: none\">Notes de c\u0153ur :&nbsp;<\/strong><span style=\"font-family: avenir-lt-w01_35-light1475496, sans-serif;font-size: 16px;font-style: normal;font-weight: 400;letter-spacing: normal;text-align: left;text-indent: 0px;text-transform: none;text-decoration: none;float: none\">Tub\u00e9reuse, Jasmin, Ylang-Ylang.<\/span><br \/>\n<strong style=\"background: none;border: 0px;margin: 0px;padding: 0px;vertical-align: baseline;font-family: avenir-lt-w01_35-light1475496, sans-serif;font-size: 16px;font-style: normal;letter-spacing: normal;text-align: left;text-indent: 0px;text-transform: none;text-decoration: none\">Notes de fond :<\/strong><span style=\"font-family: avenir-lt-w01_35-light1475496, sans-serif;font-size: 16px;font-style: normal;font-weight: 400;letter-spacing: normal;text-align: left;text-indent: 0px;text-transform: none;text-decoration: none;float: none\">&nbsp;Ambre, Musc, Patchouli.<\/span><\/p>\n","protected":false},"excerpt":{"rendered":"<p>Notes de t\u00eate :&nbsp;Fruit\u00e9, Poire, Bois de c\u00e8dre. Notes de c\u0153ur :&nbsp;Tub\u00e9reuse, Jasmin, Ylang-Ylang. Notes de fond :&nbsp;Ambre, Musc, Patchouli.<\/p>\n","protected":false},"featured_media":5450,"comment_status":"open","ping_status":"closed","template":"","meta":{"_uag_custom_page_level_css":""},"product_brand":[],"product_cat":[56,41],"product_tag":[],"class_list":{"0":"post-5451","1":"product","2":"type-product","3":"status-publish","4":"has-post-thumbnail","6":"product_cat-collection-privee","7":"product_cat-parfums","9":"first","10":"instock","11":"taxable","12":"shipping-taxable","13":"purchasable","14":"product-type-simple"},"aioseo_notices":[],"uagb_featured_image_src":{"full":["https:\/\/www.mystufshop.com\/wp-content\/uploads\/2025\/06\/img_9490.jpeg",1290,1267,false],"thumbnail":["https:\/\/www.mystufshop.com\/wp-content\/uploads\/2025\/06\/img_9490-150x150.jpeg",150,150,true],"medium":["https:\/\/www.mystufshop.com\/wp-content\/uploads\/2025\/06\/img_9490-300x295.jpeg",300,295,true],"medium_large":["https:\/\/www.mystufshop.com\/wp-content\/uploads\/2025\/06\/img_9490-768x754.jpeg",768,754,true],"large":["https:\/\/www.mystufshop.com\/wp-content\/uploads\/2025\/06\/img_9490-1024x1006.jpeg",1020,1002,true],"1536x1536":["https:\/\/www.mystufshop.com\/wp-content\/uploads\/2025\/06\/img_9490.jpeg",1290,1267,false],"2048x2048":["https:\/\/www.mystufshop.com\/wp-content\/uploads\/2025\/06\/img_9490.jpeg",1290,1267,false],"woocommerce_thumbnail":["https:\/\/www.mystufshop.com\/wp-content\/uploads\/2025\/06\/img_9490-247x296.jpeg",247,296,true],"woocommerce_single":["https:\/\/www.mystufshop.com\/wp-content\/uploads\/2025\/06\/img_9490-510x501.jpeg",510,501,true],"woocommerce_gallery_thumbnail":["https:\/\/www.mystufshop.com\/wp-content\/uploads\/2025\/06\/img_9490-100x100.jpeg",100,100,true]},"uagb_author_info":{"display_name":"aminehadadi37@gmail.com","author_link":"https:\/\/www.mystufshop.com\/?author=0"},"uagb_comment_info":0,"uagb_excerpt":"Notes de t\u00eate :&nbsp;Fruit\u00e9, Poire, Bois de c\u00e8dre. Notes de c\u0153ur :&nbsp;Tub\u00e9reuse, Jasmin, Ylang-Ylang. Notes de fond :&nbsp;Ambre, Musc, Patchouli.","jetpack_sharing_enabled":true,"_links":{"self":[{"href":"https:\/\/www.mystufshop.com\/index.php?rest_route=\/wp\/v2\/product\/5451","targetHints":{"allow":["GET"]}}],"collection":[{"href":"https:\/\/www.mystufshop.com\/index.php?rest_route=\/wp\/v2\/product"}],"about":[{"href":"https:\/\/www.mystufshop.com\/index.php?rest_route=\/wp\/v2\/types\/product"}],"replies":[{"embeddable":true,"href":"https:\/\/www.mystufshop.com\/index.php?rest_route=%2Fwp%2Fv2%2Fcomments&post=5451"}],"wp:featuredmedia":[{"embeddable":true,"href":"https:\/\/www.mystufshop.com\/index.php?rest_route=\/wp\/v2\/media\/5450"}],"wp:attachment":[{"href":"https:\/\/www.mystufshop.com\/index.php?rest_route=%2Fwp%2Fv2%2Fmedia&parent=5451"}],"wp:term":[{"taxonomy":"product_brand","embeddable":true,"href":"https:\/\/www.mystufshop.com\/index.php?rest_route=%2Fwp%2Fv2%2Fproduct_brand&post=5451"},{"taxonomy":"product_cat","embeddable":true,"href":"https:\/\/www.mystufshop.com\/index.php?rest_route=%2Fwp%2Fv2%2Fproduct_cat&post=5451"},{"taxonomy":"product_tag","embeddable":true,"href":"https:\/\/www.mystufshop.com\/index.php?rest_route=%2Fwp%2Fv2%2Fproduct_tag&post=5451"}],"curies":[{"name":"wp","href":"https:\/\/api.w.org\/{rel}","templated":true}]}}