{"id":5457,"date":"2025-06-26T23:13:13","date_gmt":"2025-06-26T23:13:13","guid":{"rendered":"https:\/\/mystufshop.com\/?product=collection-privee-gazelle-solid-50ml"},"modified":"2025-06-30T00:17:58","modified_gmt":"2025-06-30T00:17:58","slug":"collection-privee-gazelle-solid-50ml","status":"publish","type":"product","link":"https:\/\/www.mystufshop.com\/?product=collection-privee-gazelle-solid-50ml","title":{"rendered":"Collection priv\u00e9e gazelle &#8211; Solid &#8211; 50ml"},"content":{"rendered":"<h2>Inspir\u00e9 par Solid &#8211; Arabian Oud<\/h2>\n<h6 style=\"margin-bottom: 0px;font-family: Catamaran, serif;font-style: normal;letter-spacing: 0.6px;text-align: start;text-indent: 0px;text-transform: none;text-decoration: none\"><strong>Notes de t\u00eate : Fruit\u00e9, Sucr\u00e9, Cuir.<br \/>\nNotes de c\u0153ur :&nbsp;<\/strong>Jasmin, Griotte, Prune.<br \/>\n<strong>Notes de fond :&nbsp;<\/strong>Frais, Musqu\u00e9, Agrume, Poudr\u00e9.<\/h6>\n","protected":false},"excerpt":{"rendered":"<p>Inspir\u00e9 par Solid &#8211; Arabian Oud Notes de t\u00eate : Fruit\u00e9, Sucr\u00e9, Cuir. Notes de c\u0153ur :&nbsp;Jasmin, Griotte, Prune. Notes de fond :&nbsp;Frais, Musqu\u00e9, Agrume, Poudr\u00e9.<\/p>\n","protected":false},"featured_media":5456,"comment_status":"open","ping_status":"closed","template":"","meta":{"_uag_custom_page_level_css":""},"product_brand":[],"product_cat":[56,41],"product_tag":[],"class_list":{"0":"post-5457","1":"product","2":"type-product","3":"status-publish","4":"has-post-thumbnail","6":"product_cat-collection-privee","7":"product_cat-parfums","9":"first","10":"instock","11":"taxable","12":"shipping-taxable","13":"purchasable","14":"product-type-simple"},"aioseo_notices":[],"uagb_featured_image_src":{"full":["https:\/\/www.mystufshop.com\/wp-content\/uploads\/2025\/06\/img_9487.jpeg",1290,1274,false],"thumbnail":["https:\/\/www.mystufshop.com\/wp-content\/uploads\/2025\/06\/img_9487-150x150.jpeg",150,150,true],"medium":["https:\/\/www.mystufshop.com\/wp-content\/uploads\/2025\/06\/img_9487-300x296.jpeg",300,296,true],"medium_large":["https:\/\/www.mystufshop.com\/wp-content\/uploads\/2025\/06\/img_9487-768x758.jpeg",768,758,true],"large":["https:\/\/www.mystufshop.com\/wp-content\/uploads\/2025\/06\/img_9487-1024x1011.jpeg",1020,1007,true],"1536x1536":["https:\/\/www.mystufshop.com\/wp-content\/uploads\/2025\/06\/img_9487.jpeg",1290,1274,false],"2048x2048":["https:\/\/www.mystufshop.com\/wp-content\/uploads\/2025\/06\/img_9487.jpeg",1290,1274,false],"woocommerce_thumbnail":["https:\/\/www.mystufshop.com\/wp-content\/uploads\/2025\/06\/img_9487-247x296.jpeg",247,296,true],"woocommerce_single":["https:\/\/www.mystufshop.com\/wp-content\/uploads\/2025\/06\/img_9487-510x504.jpeg",510,504,true],"woocommerce_gallery_thumbnail":["https:\/\/www.mystufshop.com\/wp-content\/uploads\/2025\/06\/img_9487-100x100.jpeg",100,100,true]},"uagb_author_info":{"display_name":"aminehadadi37@gmail.com","author_link":"https:\/\/www.mystufshop.com\/?author=0"},"uagb_comment_info":0,"uagb_excerpt":"Inspir\u00e9 par Solid &#8211; Arabian Oud Notes de t\u00eate : Fruit\u00e9, Sucr\u00e9, Cuir. Notes de c\u0153ur :&nbsp;Jasmin, Griotte, Prune. Notes de fond :&nbsp;Frais, Musqu\u00e9, Agrume, Poudr\u00e9.","jetpack_sharing_enabled":true,"_links":{"self":[{"href":"https:\/\/www.mystufshop.com\/index.php?rest_route=\/wp\/v2\/product\/5457","targetHints":{"allow":["GET"]}}],"collection":[{"href":"https:\/\/www.mystufshop.com\/index.php?rest_route=\/wp\/v2\/product"}],"about":[{"href":"https:\/\/www.mystufshop.com\/index.php?rest_route=\/wp\/v2\/types\/product"}],"replies":[{"embeddable":true,"href":"https:\/\/www.mystufshop.com\/index.php?rest_route=%2Fwp%2Fv2%2Fcomments&post=5457"}],"wp:featuredmedia":[{"embeddable":true,"href":"https:\/\/www.mystufshop.com\/index.php?rest_route=\/wp\/v2\/media\/5456"}],"wp:attachment":[{"href":"https:\/\/www.mystufshop.com\/index.php?rest_route=%2Fwp%2Fv2%2Fmedia&parent=5457"}],"wp:term":[{"taxonomy":"product_brand","embeddable":true,"href":"https:\/\/www.mystufshop.com\/index.php?rest_route=%2Fwp%2Fv2%2Fproduct_brand&post=5457"},{"taxonomy":"product_cat","embeddable":true,"href":"https:\/\/www.mystufshop.com\/index.php?rest_route=%2Fwp%2Fv2%2Fproduct_cat&post=5457"},{"taxonomy":"product_tag","embeddable":true,"href":"https:\/\/www.mystufshop.com\/index.php?rest_route=%2Fwp%2Fv2%2Fproduct_tag&post=5457"}],"curies":[{"name":"wp","href":"https:\/\/api.w.org\/{rel}","templated":true}]}}