{"id":5509,"date":"2025-06-29T23:10:09","date_gmt":"2025-06-29T23:10:09","guid":{"rendered":"https:\/\/www.mystufshop.com\/?post_type=product&#038;p=5509"},"modified":"2025-06-29T23:10:09","modified_gmt":"2025-06-29T23:10:09","slug":"ameer-al-arab-eau-de-parfum-100-ml","status":"publish","type":"product","link":"https:\/\/www.mystufshop.com\/?product=ameer-al-arab-eau-de-parfum-100-ml","title":{"rendered":"AMEER AL ARAB &#8211; EAU DE PARFUM &#8211; 100 ML"},"content":{"rendered":"<p><strong>Ameer Al Arab<\/strong>\u00a0d&rsquo;Asdaaf est un parfum lanc\u00e9 en 2023, qui offre une composition riche et \u00e9pic\u00e9e. Laissez vous s\u00e9duire par les notes chaleureuse et unique:<\/p>\n<ul>\n<li><strong>Notes de T\u00eate<\/strong>\u00a0<strong>:\u00a0<\/strong>Jasmin, Myrrhe<\/li>\n<li><strong>Notes de Coeur :\u00a0<\/strong>Basilic, Cardamome, Lavande, Poivre<\/li>\n<li><strong>Notes de Fond :\u00a0<\/strong>Patchouli, Safran, Bois de Santal<\/li>\n<\/ul>\n","protected":false},"excerpt":{"rendered":"<p>Ameer Al Arab\u00a0d&rsquo;Asdaaf est un parfum lanc\u00e9 en 2023, qui offre une composition riche et \u00e9pic\u00e9e. Laissez vous s\u00e9duire par les notes chaleureuse et unique: Notes de T\u00eate\u00a0:\u00a0Jasmin, Myrrhe Notes de Coeur :\u00a0Basilic, Cardamome, Lavande, Poivre Notes de Fond :\u00a0Patchouli, Safran, Bois de Santal<\/p>\n","protected":false},"featured_media":5510,"comment_status":"open","ping_status":"closed","template":"","meta":{"_uag_custom_page_level_css":""},"product_brand":[],"product_cat":[53],"product_tag":[],"class_list":{"0":"post-5509","1":"product","2":"type-product","3":"status-publish","4":"has-post-thumbnail","6":"product_cat-parfums-dubai","8":"first","9":"instock","10":"taxable","11":"shipping-taxable","12":"purchasable","13":"product-type-simple"},"aioseo_notices":[],"uagb_featured_image_src":{"full":["https:\/\/www.mystufshop.com\/wp-content\/uploads\/2025\/06\/Ameerat-Al-Arab-noir-asdaaf-lattafa.webp",600,600,false],"thumbnail":["https:\/\/www.mystufshop.com\/wp-content\/uploads\/2025\/06\/Ameerat-Al-Arab-noir-asdaaf-lattafa-150x150.webp",150,150,true],"medium":["https:\/\/www.mystufshop.com\/wp-content\/uploads\/2025\/06\/Ameerat-Al-Arab-noir-asdaaf-lattafa-300x300.webp",300,300,true],"medium_large":["https:\/\/www.mystufshop.com\/wp-content\/uploads\/2025\/06\/Ameerat-Al-Arab-noir-asdaaf-lattafa.webp",600,600,false],"large":["https:\/\/www.mystufshop.com\/wp-content\/uploads\/2025\/06\/Ameerat-Al-Arab-noir-asdaaf-lattafa.webp",600,600,false],"1536x1536":["https:\/\/www.mystufshop.com\/wp-content\/uploads\/2025\/06\/Ameerat-Al-Arab-noir-asdaaf-lattafa.webp",600,600,false],"2048x2048":["https:\/\/www.mystufshop.com\/wp-content\/uploads\/2025\/06\/Ameerat-Al-Arab-noir-asdaaf-lattafa.webp",600,600,false],"woocommerce_thumbnail":["https:\/\/www.mystufshop.com\/wp-content\/uploads\/2025\/06\/Ameerat-Al-Arab-noir-asdaaf-lattafa-247x296.webp",247,296,true],"woocommerce_single":["https:\/\/www.mystufshop.com\/wp-content\/uploads\/2025\/06\/Ameerat-Al-Arab-noir-asdaaf-lattafa-510x510.webp",510,510,true],"woocommerce_gallery_thumbnail":["https:\/\/www.mystufshop.com\/wp-content\/uploads\/2025\/06\/Ameerat-Al-Arab-noir-asdaaf-lattafa-100x100.webp",100,100,true]},"uagb_author_info":{"display_name":"moha younes","author_link":"https:\/\/www.mystufshop.com\/?author=0"},"uagb_comment_info":0,"uagb_excerpt":"Ameer Al Arab\u00a0d&rsquo;Asdaaf est un parfum lanc\u00e9 en 2023, qui offre une composition riche et \u00e9pic\u00e9e. Laissez vous s\u00e9duire par les notes chaleureuse et unique: Notes de T\u00eate\u00a0:\u00a0Jasmin, Myrrhe Notes de Coeur :\u00a0Basilic, Cardamome, Lavande, Poivre Notes de Fond :\u00a0Patchouli, Safran, Bois de Santal","jetpack_sharing_enabled":true,"_links":{"self":[{"href":"https:\/\/www.mystufshop.com\/index.php?rest_route=\/wp\/v2\/product\/5509","targetHints":{"allow":["GET"]}}],"collection":[{"href":"https:\/\/www.mystufshop.com\/index.php?rest_route=\/wp\/v2\/product"}],"about":[{"href":"https:\/\/www.mystufshop.com\/index.php?rest_route=\/wp\/v2\/types\/product"}],"replies":[{"embeddable":true,"href":"https:\/\/www.mystufshop.com\/index.php?rest_route=%2Fwp%2Fv2%2Fcomments&post=5509"}],"wp:featuredmedia":[{"embeddable":true,"href":"https:\/\/www.mystufshop.com\/index.php?rest_route=\/wp\/v2\/media\/5510"}],"wp:attachment":[{"href":"https:\/\/www.mystufshop.com\/index.php?rest_route=%2Fwp%2Fv2%2Fmedia&parent=5509"}],"wp:term":[{"taxonomy":"product_brand","embeddable":true,"href":"https:\/\/www.mystufshop.com\/index.php?rest_route=%2Fwp%2Fv2%2Fproduct_brand&post=5509"},{"taxonomy":"product_cat","embeddable":true,"href":"https:\/\/www.mystufshop.com\/index.php?rest_route=%2Fwp%2Fv2%2Fproduct_cat&post=5509"},{"taxonomy":"product_tag","embeddable":true,"href":"https:\/\/www.mystufshop.com\/index.php?rest_route=%2Fwp%2Fv2%2Fproduct_tag&post=5509"}],"curies":[{"name":"wp","href":"https:\/\/api.w.org\/{rel}","templated":true}]}}