{"id":6172,"date":"2026-02-04T20:18:41","date_gmt":"2026-02-04T20:18:41","guid":{"rendered":"https:\/\/www.mystufshop.com\/?post_type=product&#038;p=6172"},"modified":"2026-02-04T22:42:12","modified_gmt":"2026-02-04T22:42:12","slug":"kenzie-irish-vanilla-100-ml","status":"publish","type":"product","link":"https:\/\/www.mystufshop.com\/?product=kenzie-irish-vanilla-100-ml","title":{"rendered":"Kenzie Irish Vanilla 100 ml"},"content":{"rendered":"<ul>\n<li><strong>Notes de t\u00eate :<\/strong> rhum, orchid\u00e9e vanille, jasmin.<\/li>\n<li><strong>Notes de c\u0153ur :<\/strong> vanille, cr\u00e8me br\u00fbl\u00e9e, notes \u00e9pic\u00e9es, f\u00e8ve tonka, cuir, rose.<\/li>\n<li><strong>Notes de fond :<\/strong> patchouli, sucre brun, bois d&rsquo;aigle (oud), sucre, ambre, musc.<\/li>\n<\/ul>\n","protected":false},"excerpt":{"rendered":"<p>Notes de t\u00eate : rhum, orchid\u00e9e vanille, jasmin. Notes de c\u0153ur : vanille, cr\u00e8me br\u00fbl\u00e9e, notes \u00e9pic\u00e9es, f\u00e8ve tonka, cuir, rose. Notes de fond : patchouli, sucre brun, bois d&rsquo;aigle (oud), sucre, ambre, musc.<\/p>\n","protected":false},"featured_media":6173,"comment_status":"open","ping_status":"closed","template":"","meta":{"_uag_custom_page_level_css":""},"product_brand":[],"product_cat":[53],"product_tag":[],"class_list":{"0":"post-6172","1":"product","2":"type-product","3":"status-publish","4":"has-post-thumbnail","6":"product_cat-parfums-dubai","8":"first","9":"instock","10":"sale","11":"taxable","12":"shipping-taxable","13":"purchasable","14":"product-type-simple"},"aioseo_notices":[],"uagb_featured_image_src":{"full":["https:\/\/www.mystufshop.com\/wp-content\/uploads\/2026\/02\/aecb9c5e06c883b9ebe39f1aa62970b0.webp",884,1024,false],"thumbnail":["https:\/\/www.mystufshop.com\/wp-content\/uploads\/2026\/02\/aecb9c5e06c883b9ebe39f1aa62970b0-150x150.webp",150,150,true],"medium":["https:\/\/www.mystufshop.com\/wp-content\/uploads\/2026\/02\/aecb9c5e06c883b9ebe39f1aa62970b0-259x300.webp",259,300,true],"medium_large":["https:\/\/www.mystufshop.com\/wp-content\/uploads\/2026\/02\/aecb9c5e06c883b9ebe39f1aa62970b0-768x890.webp",768,890,true],"large":["https:\/\/www.mystufshop.com\/wp-content\/uploads\/2026\/02\/aecb9c5e06c883b9ebe39f1aa62970b0.webp",884,1024,false],"1536x1536":["https:\/\/www.mystufshop.com\/wp-content\/uploads\/2026\/02\/aecb9c5e06c883b9ebe39f1aa62970b0.webp",884,1024,false],"2048x2048":["https:\/\/www.mystufshop.com\/wp-content\/uploads\/2026\/02\/aecb9c5e06c883b9ebe39f1aa62970b0.webp",884,1024,false],"woocommerce_thumbnail":["https:\/\/www.mystufshop.com\/wp-content\/uploads\/2026\/02\/aecb9c5e06c883b9ebe39f1aa62970b0-247x296.webp",247,296,true],"woocommerce_single":["https:\/\/www.mystufshop.com\/wp-content\/uploads\/2026\/02\/aecb9c5e06c883b9ebe39f1aa62970b0-510x591.webp",510,591,true],"woocommerce_gallery_thumbnail":["https:\/\/www.mystufshop.com\/wp-content\/uploads\/2026\/02\/aecb9c5e06c883b9ebe39f1aa62970b0-100x100.webp",100,100,true]},"uagb_author_info":{"display_name":"moha younes","author_link":"https:\/\/www.mystufshop.com\/?author=0"},"uagb_comment_info":0,"uagb_excerpt":"Notes de t\u00eate : rhum, orchid\u00e9e vanille, jasmin. Notes de c\u0153ur : vanille, cr\u00e8me br\u00fbl\u00e9e, notes \u00e9pic\u00e9es, f\u00e8ve tonka, cuir, rose. Notes de fond : patchouli, sucre brun, bois d&rsquo;aigle (oud), sucre, ambre, musc.","jetpack_sharing_enabled":true,"_links":{"self":[{"href":"https:\/\/www.mystufshop.com\/index.php?rest_route=\/wp\/v2\/product\/6172","targetHints":{"allow":["GET"]}}],"collection":[{"href":"https:\/\/www.mystufshop.com\/index.php?rest_route=\/wp\/v2\/product"}],"about":[{"href":"https:\/\/www.mystufshop.com\/index.php?rest_route=\/wp\/v2\/types\/product"}],"replies":[{"embeddable":true,"href":"https:\/\/www.mystufshop.com\/index.php?rest_route=%2Fwp%2Fv2%2Fcomments&post=6172"}],"wp:featuredmedia":[{"embeddable":true,"href":"https:\/\/www.mystufshop.com\/index.php?rest_route=\/wp\/v2\/media\/6173"}],"wp:attachment":[{"href":"https:\/\/www.mystufshop.com\/index.php?rest_route=%2Fwp%2Fv2%2Fmedia&parent=6172"}],"wp:term":[{"taxonomy":"product_brand","embeddable":true,"href":"https:\/\/www.mystufshop.com\/index.php?rest_route=%2Fwp%2Fv2%2Fproduct_brand&post=6172"},{"taxonomy":"product_cat","embeddable":true,"href":"https:\/\/www.mystufshop.com\/index.php?rest_route=%2Fwp%2Fv2%2Fproduct_cat&post=6172"},{"taxonomy":"product_tag","embeddable":true,"href":"https:\/\/www.mystufshop.com\/index.php?rest_route=%2Fwp%2Fv2%2Fproduct_tag&post=6172"}],"curies":[{"name":"wp","href":"https:\/\/api.w.org\/{rel}","templated":true}]}}